te the highest common factor of 2 and k.
2
Suppose 6*y = 2*y + j + 18, 3*j = -3*y + 6. Suppose 82 = 3*k + 4*o + o, -y*o = 4*k - 120. Calculate the highest common divisor of k and 17.
17
Suppose 0 = -0*n - 5*n - 5*l + 40, -2*n = l - 20. Let g be 2/n + (-418)/(-12). Let o be (4/(-2))/((-1)/g). Calculate the greatest common divisor of o and 10.
10
Let a(d) = 29*d - 69. Let t be a(6). What is the greatest common factor of t and 63?
21
Let h be 4296/180 + -13 - 4/(-30). What is the highest common factor of 495 and h?
11
Suppose 1 = 2*l - 2*r - 5, 0 = -4*l - 3*r + 5. Suppose 0 = -t - 3*t - 44. Let p = t + 25. What is the greatest common divisor of p and l?
2
Let m = -2296 - -3285. What is the highest common factor of m and 23?
23
Let j be 772 + (-3 - -8) + -1. What is the highest common factor of 16 and j?
8
Suppose 234 = -4*j + 746. Calculate the greatest common divisor of j and 16.
16
Suppose 15*o - 4*o - 8118 = 0. Calculate the greatest common factor of o and 18.
18
Suppose 2*u - c - 9 = 0, -5*u + 9 = -0*u + 2*c. Let t(l) = -5*l + 2*l**3 - l**u + 5 + l. Let v be t(5). What is the greatest common divisor of 10 and v?
10
Let j(v) = -v**3 - 13*v**2 + 10*v - 32. Let p be j(-14). Calculate the greatest common factor of p and 66.
6
Let m(i) = 2*i**2 + 3*i + 2. Let t be m(-4). Let d = 70 - t. What is the highest common divisor of 72 and d?
24
Let b(w) = w**3 - 6*w - 10. Let p be b(5). Calculate the highest common factor of p and 68.
17
Suppose 2*g = -3*c + 6 + 4, 0 = 4*c + 5*g - 18. Let m(d) = 10*d**c - 3*d**2 + 7*d**2. Let a be m(-1). What is the highest common divisor of 126 and a?
14
Let x(a) = 2*a**2 + 8*a + 8. Let r be x(-4). What is the greatest common divisor of 32 and r?
8
Let f = -89 - -125. Suppose 35*c - f*c = -18. Let s be ((-12)/5)/((-1)/5). What is the greatest common factor of c and s?
6
Let g = -867 - -1323. What is the highest common factor of g and 24?
24
Suppose -98 = -3*d - s, -8 = 3*d + 5*s - 114. Let m = 63 + -15. What is the greatest common divisor of d and m?
16
Let w(d) = 113*d**2 + 24*d - 23. Let n be w(3). What is the highest common divisor of n and 82?
82
Let n = -1986 - -3493. Calculate the greatest common factor of 11 and n.
11
Let b(n) = -23*n + 4. Let z = -20 + 18. Let m be b(z). Let t = 1 - -74. Calculate the greatest common divisor of m and t.
25
Let f(h) = -h**2 + 5*h + 8. Let t be f(6). Suppose 3*n = 8*n + 30. Let g be (15/(-9))/(1/n). Calculate the highest common divisor of t and g.
2
Let l(q) = 16*q**2 + 3*q - 2. Let o be l(2). Let p = -66 - -100. Calculate the greatest common divisor of o and p.
34
Suppose 0*a - 2*a = w + 5, 2*a - 5 = w. Suppose a = r + 4*g - 441, 1713 = 4*r - 0*r - g. Let s = -254 + r. Calculate the highest common factor of 25 and s.
25
Let b = -3 + 5. Suppose -b*j + 5*y = 7, 4*y - 3 = j + 5. Calculate the greatest common divisor of 4 and j.
4
Let g be (-4)/(7/(98/(-8))). Let q = 1 + g. Calculate the highest common divisor of 4 and q.
4
Suppose -660 = -5*y + 9*y. Let o = 375 + y. What is the greatest common divisor of o and 21?
21
Let b(a) = -100*a - 1. Let f be 14/(-4) - (-6)/4. Let r be b(f). Let s = r + -47. What is the greatest common factor of 19 and s?
19
Let q = -98 - -111. Suppose 10*r + 9 = q*r. Let u be (2/(-4))/((-2)/24). What is the highest common divisor of r and u?
3
Suppose 3*g + 6 = 4*q - 3, 11 = 2*g + 3*q. Let n be 2*-18 + 0/2. Let l be (3/(-9))/(g/n). Calculate the greatest common factor of l and 36.
12
Let b(y) = y**2 - 2*y - 5. Let s be b(9). What is the highest common factor of s and 2552?
58
Let g = 157 - 132. Calculate the greatest common divisor of 1525 and g.
25
Let u(r) = -4*r - 4. Let s = 45 - 50. Let y be u(s). What is the greatest common divisor of y and 56?
8
Suppose -2*s = -10, -4*j - 3*s + 61 = 2*s. Let n = j + 6. Calculate the highest common factor of n and 75.
15
Let j = 847 - 562. Suppose 5*f - 2*f + j = 3*c, 5*c + 3*f - 507 = 0. Suppose -v = 2*v - 27. Calculate the highest common factor of c and v.
9
Let r(n) = -3*n**3 - 2*n**2 + n + 2. Let v be r(-1). Let a be (((-396)/8)/11)/(v/(-24)). Calculate the greatest common factor of a and 27.
27
Suppose 82*s - 84*s + 319 = -5*a, 3*s = -a + 487. What is the highest common divisor of 702 and s?
54
Suppose 4*j + 3*m - 270 = 0, 4*m + 83 = 5*j - 270. Suppose j = 8*a - 91. What is the highest common divisor of a and 20?
20
Let n = 1176 + -230. What is the highest common divisor of n and 22?
22
Let s be -1 - ((-1 - 0) + 26 + -1). Let r = 28 + s. Calculate the greatest common factor of 12 and r.
3
Let u(c) = -65*c - 507. Let s be u(-9). Calculate the greatest common factor of s and 12.
6
Suppose 4*f = -4*u - 13 - 3, -3*u = 6. Let g be 24*f/2*-3. Let j = -63 + 111. What is the highest common divisor of j and g?
24
Let f = -577 + 584. Calculate the highest common divisor of 1498 and f.
7
Suppose 2*g = -5 - 5, -d + 3*g + 24 = 0. Suppose 0 = 4*b - d*b + 20, 0 = -q - 5*b - 122. Let y be 2/4 - q/4. Calculate the greatest common divisor of 12 and y.
12
Suppose -5*u - 5*w + 70 = 0, -8*w - 56 = -4*u - 9*w. Calculate the greatest common divisor of 35 and u.
7
Suppose -r - 21 = -4*r. Suppose -2*y = r + 1. Let o be (33/y)/(27/(-72)). Calculate the greatest common factor of o and 2.
2
Let a(y) = -4*y - 13. Let r be a(-11). Suppose 5 = h - r. What is the highest common divisor of 54 and h?
18
Let j be (-105)/(-70)*(4 - 2). Calculate the greatest common factor of 41 and j.
1
Suppose 0 = -2*s + 5*j + 310, -j = 5 - 3. Suppose -4*c + c = 3*g - 195, 175 = 3*c - g. What is the highest common divisor of s and c?
30
Let f(p) = -p**2 - 8*p - 10. Let j be f(-5). Let i be 10/j*2 + 275. Calculate the highest common factor of 31 and i.
31
Suppose -6*p = -10*p + 8. Suppose -5*y + 25 = 0, 3*y + 131 + 30 = p*b. What is the highest common factor of 22 and b?
22
Let d(o) = -o**3 - 2*o**2 + 22*o + 40. Let b be d(-5). What is the greatest common factor of b and 2?
1
Let w be (-9)/((-108)/(-16))*-207. What is the highest common factor of 207 and w?
69
Let y = 64 - 60. Suppose 59 = 4*t + 3*k, -y*k = 2*t - 2*k - 32. What is the greatest common divisor of t and 33?
11
Suppose 5 = m + 2. Suppose 4*k - 2 = 3*a, 0 = -m*a - 0*k - 2*k + 28. Let o be (20/a)/((-6)/(-27)). What is the highest common divisor of 60 and o?
15
Suppose -6*s = -5*s - 15. Suppose 0 = 18*x - 74 - 34. What is the highest common divisor of s and x?
3
Let h be 2/7 + 663/7. Let f(k) = 20*k - 2. Suppose -2*r - 3*d = -6*d - 7, -3*d + 1 = 2*r. Let l be f(r). Calculate the highest common factor of l and h.
19
Let z(d) = -8*d**2 - 1. Let r be z(3). Let a = 52 + r. Let m = 10 - a. Calculate the highest common factor of m and 248.
31
Let w(p) = 3*p**2 - 14*p + 20. Let u be w(8). Let c be 4/18 + 2352/108. Let f = 62 - c. What is the highest common divisor of f and u?
20
Let v be ((-2)/4)/((-20)/(-720)). Let q be (-18)/(-42) + v/(-7). Suppose -2*i + 3*g = -117, 2*i = q*i - g - 56. What is the greatest common divisor of i and 34?
17
Let h = -2770 + 3638. Calculate the highest common divisor of h and 31.
31
Let j = -11768 - -11784. Suppose 0 = -u - 3*t - 4, 4*u + 3*t = 2*u + 4. Calculate the greatest common factor of j and u.
8
Let o be (-18592)/(-249)*(-3)/(-2). Suppose 3*m = -2*b - b - 111, -5*m - 65 = 2*b. Let n = o + b. Calculate the greatest common divisor of n and 8.
8
Suppose -t = 5*b - 1 - 13, 2*t - 5*b = -2. Calculate the greatest common divisor of t and 104.
4
Let q = -67 - 115. Let t = 61 - q. Calculate the greatest common divisor of t and 27.
27
Let n(v) = v**3 + 16*v**2 - v - 14. Let w be n(-16). What is the highest common factor of 16 and w?
2
Let c = 15 - 12. Let t be (-2)/c*1089/(-6). What is the highest common factor of t and 11?
11
Let b(m) = 19*m - 244. Let f be b(13). What is the greatest common divisor of 81 and f?
3
Let b(t) = -t**2 - 18*t - 17. Let y be b(-17). Suppose -3*c + 2 + 1 = y. Calculate the greatest common factor of 3 and c.
1
Let o(s) = 2*s + 22. Let q be o(-13). Let p(t) = t**3 + 3*t**2 - 8*t - 3. Let d be p(q). Calculate the highest common factor of d and 117.
13
Let v(s) = s + 23. Suppose 2*a = -5*a - 98. Let h be v(a). What is the greatest common divisor of 1 and h?
1
Let i = -5 - -27. Suppose 21*v = i*v - 599. Suppose 0 = 5*a - 0*j - j - v, 5*a + 2*j = 587. Calculate